 a composite number?
False
Is 121039 a composite number?
False
Is 6339 prime?
False
Is 137689 prime?
False
Is 702809 prime?
True
Is 33923 a composite number?
False
Is 1308883 a composite number?
False
Is 70099 a prime number?
True
Is 17617 a composite number?
True
Is 48826 composite?
True
Is 73991 composite?
True
Is 387791 a prime number?
True
Is 7043 a composite number?
False
Is 462203 composite?
True
Is 65789 a prime number?
True
Is 556091 a composite number?
True
Is 15431 a prime number?
False
Is 3967 a composite number?
False
Is 1649 composite?
True
Is 43199 a prime number?
False
Is 508441 a prime number?
False
Is 782641 composite?
False
Is 184099 composite?
True
Is 43718 composite?
True
Is 26171 composite?
False
Is 1481 a composite number?
False
Is 6547 prime?
True
Is 22297 prime?
False
Is 58651 a composite number?
True
Is 3103427 a prime number?
False
Is 74147 a prime number?
False
Is 2399 composite?
False
Is 2153111 composite?
False
Is 17519 prime?
True
Is 534517 composite?
True
Is 32479 prime?
True
Is 40343 a composite number?
False
Is 1998359 a composite number?
True
Is 399305 prime?
False
Is 1171 a prime number?
True
Is 207215 composite?
True
Is 2705 a composite number?
True
Is 321206 a prime number?
False
Is 607517 composite?
False
Is 260405 a composite number?
True
Is 1113473 prime?
False
Is 4387 a composite number?
True
Is 221159 composite?
False
Is 743 a composite number?
False
Is 782363 composite?
True
Is 13259 a prime number?
True
Is 235 composite?
True
Is 631 a composite number?
False
Is 7863 prime?
False
Is 14203 composite?
True
Is 236111 prime?
True
Is 122 a composite number?
True
Is 409947 a prime number?
False
Is 16811 prime?
True
Is 44633 prime?
True
Is 14165 composite?
True
Is 753 composite?
True
Is 383853 prime?
False
Is 1653143 a composite number?
True
Is 78799 a prime number?
False
Is 7374821 a prime number?
False
Is 9469 a prime number?
False
Is 146959 prime?
False
Is 117471 a composite number?
True
Is 518509 a composite number?
False
Is 9791 composite?
False
Is 30803 a composite number?
False
Is 13646 a composite number?
True
Is 849947 a prime number?
False
Is 198929 composite?
False
Is 135133 composite?
True
Is 58013 composite?
False
Is 405323 composite?
False
Is 894949 composite?
True
Is 155329 prime?
False
Is 2217749 prime?
True
Is 1696939 a composite number?
True
Is 881713 a composite number?
True
Is 30445 a composite number?
True
Is 602261 composite?
True
Is 197441 a composite number?
False
Is 86923 composite?
False
Is 1805649 composite?
True
Is 12057 a prime number?
False
Is 886447 a composite number?
True
Is 18229 prime?
True
Is 5557 prime?
True
Is 459593 prime?
True
Is 314786 a prime number?
False
Is 8663 a composite number?
False
Is 193637 a prime number?
False
Is 7651 composite?
True
Is 116395 a composite number?
True
Is 4829 a composite number?
True
Is 86863 composite?
True
Is 1351 a prime number?
False
Is 1150301 a composite number?
False
Is 23882 a composite number?
True
Is 37831 composite?
False
Is 10529 a composite number?
False
Is 2183 a composite number?
True
Is 6159 prime?
False
Is 4500605 composite?
True
Is 866819 a composite number?
False
Is 118 a composite number?
True
Is 15689 a prime number?
False
Is 8114 a prime number?
False
Is 48151 prime?
False
Is 10997 composite?
True
Is 34433 a composite number?
True
Is 58129 prime?
True
Is 429599 prime?
True
Is 146743 a prime number?
True
Is 181081 prime?
True
Is 21961 prime?
True
Is 8741 a prime number?
True
Is 243769 prime?
True
Is 2521 a prime number?
True
Is 46963 composite?
True
Is 372361 composite?
True
Is 17773 composite?
True
Is 46303 prime?
False
Is 60943 composite?
False
Is 24019 a prime number?
True
Is 82339 composite?
False
Is 5806 a prime number?
False
Is 3967 prime?
True
Is 52306 a composite number?
True
Is 143839 a composite number?
True
Is 53987 a composite number?
False
Is 38261 composite?
False
Is 29383 a composite number?
False
Is 150041 a composite number?
False
Is 112934 a composite number?
True
Is 7297 a prime number?
True
Is 2231 a prime number?
False
Is 16489 a composite number?
True
Is 100447 a prime number?
True
Is 4073 prime?
True
Is 502 prime?
False
Is 183959 a composite number?
False
Is 4241 a composite number?
False
Is 340414 composite?
True
Is 22171 a prime number?
True
Is 10481 prime?
False
Is 9233 a composite number?
True
Is 6823 composite?
False
Is 44483 a composite number?
False
Is 31121 a prime number?
True
Is 10777 composite?
True
Is 54613 prime?
False
Is 5027 a composite number?
True
Is 423973 composite?
True
Is 22229 composite?
False
Is 52211 a composite number?
True
Is 3947 a prime number?
True
Is 508489 a composite number?
False
Is 3043 a prime number?
False
Is 6163 a composite number?
False
Is 12401 a composite number?
False
Is 64049 composite?
True
Is 1508307 a composite number?
True
Is 746869 composite?
False
Is 145517 prime?
True
Is 25903 composite?
False
Is 466 composite?
True
Is 465623 prime?
False
Is 115751 prime?
True
Is 172063 composite?
True
Is 49099 a prime number?
False
Is 20507 a prime number?
True
Is 356243 prime?
True
Is 2161 composite?
False
Is 175043 prime?
False
Is 200683 prime?
False
Is 4241 a composite number?
False
Is 316009 a composite number?
True
Is 297707 a prime number?
True
Is 5937 prime?
False
Is 211 composite?
False
Is 354203 prime?
False
Is 3521 a prime number?
False
Is 3265 prime?
False
Is 1754 a composite number?
True
Is 26801 a prime number?
True
Is 4350967 prime?
True
Is 2611 a prime number?
False
Is 219005 prime?
False
Is 11729 a prime number?
False
Is 259 prime?
False
Is 73099 a prime number?
False
Is 2334941 a prime number?
False
Is 1369 a prime number?
False
Is 93189 a composite number?
True
Is 50207 prime?
True
Is 113189 composite?
False
Is 172478 a prime number?
False
Is 2052343 a prime number?
True
Is 2776385 prime?
False
Is 36709 a composite number?
False
Is 38707 a composite number?
False
Is 495241 composite?
False
Is 52135 a composite number?
True
Is 379831 a prime number?
False
Is 12451 prime?
True
Is 119017 prime?
False
Is 23447 a composite number?
False
Is 7111 prime?
False
Is 3593 a prime number?
True
Is 130267 a composite number?
False
Is 3110353 prime?
True
Is 1743629 a prime number?
True
Is 15999 a prime number?
False
Is 15441 prime?
False
Is 174917 a composite number?
False
Is 2903 prime?
True
Is 35023 prime?
True
Is 4663 prime?
True
Is 217559 a prime number?
True
Is 534491 a prime number?
True
Is 118861 composite?
False
Is 59321 a composite number?
True
Is 2761 composite?
True
Is 54971 a prime number?
False
Is 12179 a composite number?
True
Is 14473 composite?
True
Is 415453 prime?
False
Is 405931 a prime number?
False
Is 38515 prime?
False
Is 16301 a composite number?
False
Is 3761 prime?
True
Is 6839 a prime number?
False
Is 37691 prime?
True
Is 6563 prime?
True
Is 3715 a prime number?
False
Is 731069 a composite number?
True
Is 2835757 a composite number?
True
Is 92441 prime?
False
Is 931487 a composite number?
False
Is 14143 a prime number?
True
Is 4037 prime?
False
Is 785 prime?
False
Is 5623 a composite number?
False
Is 25735 prime?
False
Is 6583 prime?
False
Is 13577 a composite number?
False
Is 1056773 a prime number?
True
Is 4127 a prime number?
True
Is 499661 prime?
True
Is 5773 prime?
False
Is 669319 a composite number?
True
Is 98837 composite?
False
Is 88783 a prime number?
False
Is 299 a composite number?
True
Is 5266 a composite number?
True
Is 22669 composite?
False
Is 2924963 prime?
True
Is 23434 a prime number?
False
Is 23601 a composite number?
True
Is 573907 a composite number?
True
Is 8005 prime?
False
Is 11686 composite?
True
Is 371 composite?
True
Is 118351 prime?
False
Is 184949 prime?
True
Is 215079 a composite number?
True
Is 207487 composite?
True
Is 644173 prime?
True
Is 49066 a prime number?
False
Is 61865 a prime number?
False
Is 6181 a composite number?
True
Is 168271 prime?
False
Is 2980045 composite?
True
Is 2972345 composite?
True
Is 877367 composite?
False
Is 3748373 composite?
True
Is 363959 a composite number?
False
Is 81401 composite?
False
Is 229819 a composite number?
False
Is 34321 prime?
False
Is 200483 composite?
False
Is 234317 a prime number?
True
Is 1357591 a prime number?
False
Is 22901 a composite number?
Fals